Suppose 0 = -5*i + 3*x + 75, 8 - 38 = -2*i + x. What is the tens digit of i?
1
Let g(h) = -h**2 + h + 2. Suppose -4*u = -16, u = 3*v - u + 17. Let y = -3 - v. What is the units digit of g(y)?
2
What is the units digit of (-1 + 2)/(2/74)?
7
Let x = 1 - -1. Suppose -x*l + 2 + 2 = 0. What is the units digit of l?
2
Let s(j) be the first derivative of -7*j**4/4 + j + 2. What is the units digit of s(-1)?
8
Suppose 72 = 10*n - 2*n. What is the units digit of n?
9
Let b be (-1176)/(-15) + 9/15. Suppose -r + b = -2*w + 6*w, -36 = -w + 3*r. What is the tens digit of w?
2
Let r = 0 + -5. Let g(c) = c + 3. Let p(t) = 2*t + 5. Let y(f) = 5*g(f) - 3*p(f). What is the units digit of y(r)?
5
Let o(g) = -g**3 - 4*g**2 - 2*g - 1. Let m be o(-4). Let l(n) = 5*n - n**2 + 4 + 5 + 2*n. What is the units digit of l(m)?
9
Suppose -6*v + 2*v - 4 = 0. Let w(h) be the first derivative of -8*h**2 - h + 1. What is the units digit of w(v)?
5
Suppose 0 = 10*q - 2059 + 279. What is the units digit of q?
8
Suppose 3*a + 0*a + 36 = -5*z, 3*a + z + 36 = 0. Let u = a - -15. What is the units digit of u?
3
Let t(v) = 6*v**2 - 6*v + 10. What is the tens digit of t(4)?
8
Suppose -20 = 3*a + a. Let j be (-1 + -4)/(a - -4). What is the units digit of (-2)/j + (-168)/(-20)?
8
Let n(a) = -a**2 + a. Let o(h) = 3*h**2 - 5*h + 6. Let i(p) = 4*n(p) + o(p). Let g be 0*((-3)/6 + 0). What is the units digit of i(g)?
6
Let i(m) = m - 19*m**3 - 2 + 2. Let c be i(-1). What is the units digit of (-6)/3 - c/(-2)?
7
Suppose 0 = 3*u, -3*l + u + 84 = -3*u. What is the tens digit of l?
2
Suppose 0 = -5*t - 0 + 10. Suppose t*w = -q + 17, 0 = -3*q + w - 0*w + 65. What is the units digit of q?
1
What is the units digit of 7/28 + 687/4?
2
Let r be (1/(-2))/((-3)/162). Suppose 0 = 2*s - 97 + r. What is the tens digit of s?
3
Suppose -2*n = -6 - 2. Let b be n/(-10) - 34/(-10). What is the tens digit of (b/2)/((-2)/(-20))?
1
Suppose 0 = 2*k - 7*k + 85. What is the units digit of k?
7
What is the units digit of (12/(-14))/(((-2)/63)/2)?
4
What is the tens digit of (-1 - -3)/(3/(-564)*-2)?
8
Let g(c) be the second derivative of 1/6*c**3 - 2*c - 1/2*c**2 + 0. What is the units digit of g(2)?
1
Let y(a) = 2*a**2 - 8*a + 2. Let d be y(7). Suppose -2*x + 54 = 4*z, 0*z = -4*z - 4*x + d. What is the tens digit of z?
1
Let i = 231 + -146. What is the units digit of i?
5
Let f = 113 + -80. Suppose -4*d = -f + 5. What is the units digit of d?
7
Suppose 163 = 3*q + 22. What is the units digit of q?
7
Let y be (-8)/(-28) + (-12)/(-7). Suppose 5*f + 2*i = 15, -f = -5*f - 5*i + 12. Let c = f - y. What is the units digit of c?
1
Suppose 0*o - 5*o = -4*d - 914, -732 = -4*o + 3*d. What is the units digit of o?
6
Suppose -46 = 5*t + 4. What is the units digit of ((-12)/t)/((-4)/(-30))?
9
What is the tens digit of (-4)/6*(-3 - 45/2)?
1
Let m(g) = -21*g - 5. What is the tens digit of m(-7)?
4
Let w(h) = h**2 + 9*h - 7. Let x be w(-10). What is the units digit of 9/x*(-5)/(-3)?
5
Let l = -14 - -25. Suppose 3*c = 101 - l. What is the tens digit of c?
3
Let h(y) = y**2 - y + 1. Let t be h(1). What is the units digit of 9 - (t + 0) - -1?
9
Let a(j) = 5*j**3 - j**2 + 2*j - 2. Let g be a(1). Suppose 2 = -5*y + 5*l - 3, 16 = g*y + l. What is the units digit of y?
3
Let r(i) = i**3 + 9*i**2 - 12*i - 14. Suppose 1 - 25 = 2*w + 2*v, 2*w + 10 = 5*v. What is the units digit of r(w)?
6
Let a(d) = d**2 + 19*d - 17. What is the hundreds digit of a(-28)?
2
Suppose 1382 = 4*d + 2*q, 3*d = d + 5*q + 697. What is the units digit of d?
6
Let b(z) = z + 17. What is the tens digit of b(-6)?
1
Suppose 6*r - 2*r + 172 = x, -4*x + 783 = 3*r. What is the units digit of x?
2
Suppose -2*b - 4*c + 274 = 0, -b - 2*c + 3*c = -152. Let m be (-1)/(-3) - b/9. Let v = m + 24. What is the units digit of v?
8
Suppose -4*y = -363 + 71. Let n = y - 45. What is the units digit of (n/(-12))/((-2)/12)?
4
Suppose 457 - 115 = 3*z. What is the tens digit of z?
1
Let o(r) = -r**3 + 5*r**2 - r + 5. What is the tens digit of o(4)?
1
Let f be (-34)/(-8) + 8/(-32). Suppose -p = -f*p + 69. What is the tens digit of p?
2
Let z(l) = 2*l - 8. Let m be z(6). Suppose -m*s + d - 4*d + 13 = 0, -5*d = 5. What is the units digit of s?
4
Let h = 224 + -525. What is the units digit of 8/(-48) - h/6?
0
Let s(q) = q**2 + 9*q + 4. Let b be s(-7). What is the tens digit of ((-26)/b)/(4/20)?
1
Suppose -5*m - 20 = -5*p, -4*p + 5*m = -9*p + 20. Let o be (-80)/(-2) + p + -7. Let i = o - 19. What is the tens digit of i?
1
Let v(u) = -u**3 - 9*u**2 - 9*u - 6. Let z be v(-8). Let c(r) = 4*r**2 - 2*r + 1. What is the tens digit of c(z)?
1
Let n(d) = d**2 + 8*d + 8. Let c = 0 + -9. What is the units digit of n(c)?
7
Let o be 6/4*(3 + -9). What is the units digit of 2 + 12/o*-3?
6
Let u = 106 - 34. What is the units digit of u?
2
Let i be 2/7 + 37/(-7). Suppose -g + 0*g + 7 = 0. Let f = g + i. What is the units digit of f?
2
Let h = 27 + -13. Let w = h + -6. What is the units digit of w?
8
Let y = -26 + 66. What is the units digit of y?
0
Suppose -5*z - 61 = -11. Let a be (1/2)/(3/(-36)). Let s = a - z. What is the units digit of s?
4
Let b = -152 + 193. What is the tens digit of b?
4
Let u be (-3)/(2 - (-22)/(-8)). Suppose -44 = u*c - 0*c. Let y = c + 23. What is the units digit of y?
2
Let k(w) = w**2 + 5*w + 1. Let g be k(-8). Suppose 0 = -4*p - p + 4*y + 71, 5*y = 2*p - g. Suppose 0*t - p = -n - t, -t + 3 = 0. What is the tens digit of n?
1
Suppose 0 = -m - 3*q + 7, 0*m + 3*q = 3*m + 27. What is the units digit of (-7 - (m - -2))/(-2)?
2
Let v(d) = 8*d**3 - 3*d**2 + 2*d - 6. Let k(z) = z**3 - 1. Let y(h) = -6*k(h) + v(h). What is the units digit of y(2)?
8
Suppose 0 = -2*m + 4*c + 56, 4*c + 0*c - 52 = -4*m. Suppose m = 5*o - 2. Suppose -3*b - o*z + 23 = -0*z, -40 = -5*b - 5*z. What is the units digit of b?
9
Suppose l = -2*l + 9. Let z be ((-64)/12)/((-1)/l). What is the units digit of z - 1 - (4 + -2)?
3
Let p(k) = 26*k - 6. What is the units digit of p(1)?
0
Suppose -16 = 4*f, 0*g + 5*f - 44 = -4*g. What is the units digit of g?
6
Suppose -2*b + 3*s - 77 = -4*b, 2*b - 4*s = 84. What is the units digit of b?
0
Let o(d) be the second derivative of d**4/12 - d**3 + 3*d**2 - 11*d. Suppose 0 = k + k - 2*g - 6, -2*k + 30 = 4*g. What is the units digit of o(k)?
3
Suppose 5 + 7 = 3*q. Suppose q*b - 4 = 0, c - 7*b + 2*b - 22 = 0. Suppose -a = 2*a - c. What is the units digit of a?
9
Suppose -5*d + 2*n = -d - 192, -2*n = -4. Suppose 12 - d = -z. What is the tens digit of z?
3
Let m be ((-9)/6)/(9/(-12)). Suppose 2*y + 34 = 5*y + m*o, -3*y = -5*o - 20. What is the units digit of y?
0
Let o(b) = b**3 + 5*b**2 + 4*b + 3. Let k be o(-3). Suppose 9 = 5*l - 3*n, -l + 5*n - k = -2. What is the units digit of l?
3
Let w(k) = -k**3 + 12*k**2 + 6. Let f be w(12). Let n(j) = 5*j - 2. Let s be n(f). Suppose 2*q = 4*q - s. What is the tens digit of q?
1
Suppose -3*x + 4*k = -k + 77, 4 = 4*k. Let b = x + 37. What is the units digit of b?
3
Suppose -52 = 3*g - 484. Suppose -3*q + 3*s + 103 = s, 4*q + 4*s = g. What is the tens digit of q?
3
Let p(l) = 5*l**3 - l - 1. Let c be p(-1). Let z = c - -6. What is the units digit of z?
1
Let f = -1 + 2. Suppose f = y - 2*o - 2, 0 = 4*o + 20. What is the tens digit of (-72)/y - (-8)/(-28)?
1
Let z = -21 + 49. What is the units digit of z?
8
Suppose z + 5*k = 20, -4*z + k - 4 = -5*z. Suppose z = -2*w + 3*w - 6. What is the units digit of w?
6
Suppose -18*m = -9*m - 1152. What is the units digit of m?
8
Suppose a + 6 = -3*q - 3, 2*a + 16 = -5*q. Let k = 5 + q. Suppose -z + 3 = -3*m - 3, 0 = z + k*m - 36. What is the tens digit of z?
2
Let b = -235 - -101. Let a be b/4 - 1/(-2). What is the units digit of a/(-5) + (-2)/(-5)?
7
Let l(t) be the first derivative of 0*t**3 + 4 + 11/4*t**4 - 1/2*t**2 + t. What is the units digit of l(1)?
1
Let n(l) = 3*l - 6. Let r(g) = 6*g - 11. Let u(v) = -11*n(v) + 6*r(v). What is the units digit of u(4)?
2
Let w = 3 - 8. What is the tens digit of (2/w)/(4/(-260))?
2
Let g = -7 - -11. Suppose 0*r + 12 = -g*r. What is the units digit of (-4)/(-3) + r/9?
1
Suppose 148 = 5*o + 8. What is the units digit of o?
8
Let c(g) = g + 13. Let o be c(-10). Suppose 3*h + s = -o*s + 24, 5*s - 15 = 0. What is the units digit of h?
4
Suppose -3*l + 19 = 2*w, -5*w 